{"id":7986,"date":"2024-04-16T20:02:44","date_gmt":"2024-04-16T17:02:44","guid":{"rendered":"https:\/\/imadenizcilikinsaat.com\/eng\/?page_id=7986"},"modified":"2024-07-30T16:12:21","modified_gmt":"2024-07-30T13:12:21","slug":"communication","status":"publish","type":"page","link":"https:\/\/imadenizcilikinsaat.com\/eng\/communication\/","title":{"rendered":"Communication"},"content":{"rendered":"<div class=\"wpb-content-wrapper\"><p>[vc_row][vc_column]<div class=\"cz_gap clr \" style=\"height: 100px\"><\/div>[\/vc_column][\/vc_row][vc_row][vc_column offset=&#8221;vc_col-md-4&#8243;]<div id=\"cz_50836\" class=\"cz_50836 cz_title clr cz_mobile_text_center cz_title_has_icon cz_title_pos_inline\"><a href=\"mailto:info@imadenizcilikinsaat.com\"><div class=\"cz_title_content\"><i class=\"cz_title_icon_before fa fa-envelope\"><\/i><div class=\"cz_wpe_content\"><h4><span style=\"font-size: 24px;\">Email<\/span><\/h4>\n<p><span style=\"color: #666666;\">info@imadenizcilikinsaat.com<\/span><\/p>\n<\/div><\/div><\/a><\/div>[\/vc_column][vc_column offset=&#8221;vc_col-md-4&#8243;]<div id=\"cz_40098\" class=\"cz_40098 cz_title clr cz_mobile_text_center cz_title_has_icon cz_title_pos_inline\"><a href=\"tel:+905469331508\"><div class=\"cz_title_content\"><i class=\"cz_title_icon_before fa fa-volume-control-phone\"><\/i><div class=\"cz_wpe_content\"><h4><span style=\"font-size: 24px;\">Phone<\/span><\/h4>\n<p>+90 546 933 15 08<\/p>\n<\/div><\/div><\/a><\/div>[\/vc_column][vc_column offset=&#8221;vc_col-md-4&#8243;]<div id=\"cz_25244\" class=\"cz_25244 cz_title clr cz_mobile_text_center cz_title_has_icon cz_title_pos_inline\"><div class=\"cz_title_content\"><i class=\"cz_title_icon_before fa fa-map-marker\"><\/i><div class=\"cz_wpe_content\"><h4><span style=\"font-size: 24px;\">Address<\/span><\/h4>\n<p>Adalet Mah. Manas Blv. Folkart Towers No:47\/B \u0130\u00e7 Kap\u0131: 2601 | Bayrakl\u0131\/\u0130ZM\u0130R<\/p>\n<\/div><\/div><\/div>[\/vc_column][\/vc_row][vc_row][vc_column]<div class=\"relative\"><div id=\"cz_82068\" class=\"cz_sep2 cz_sep2_23 cz_sep_top relative\"><svg preserveAspectRatio=\"none\" xmlns=\"http:\/\/www.w3.org\/2000\/svg\" width=\"100%\"  viewBox=\"0 0 1600 303\">\n\t\t\t\t\t\t\t<path style=\"fill:#d0e2ee\" d=\"M1607,290.074V304H-7V290.1C800.5,270.593,800.5,0,800.5,0L1607,119h0L800.5,0S800.513,270.467,1607,290.074Z\"\/>\n\t\t\t\t\t\t\t<path style=\"fill:#6d9ebf\" d=\"M1607,290.074V304H-7V290.1C800.5,270.593,800.5,66,800.5,66L1607,119h0L800.5,66S800.513,270.467,1607,290.074Z\"\/>\n\t\t\t\t\t\t\t<path style=\"fill:#263245\" d=\"M1607,290.074V304H-7V290.1C800.5,270.593,800.5,119,800.5,119h0S800.513,270.467,1607,290.074Z\"\/>\n\t\t\t\t\t\t<\/svg><\/div><\/div><div class=\"cz_gap clr  hide_on_tablet hide_on_mobile\" style=\"height: 85px\"><\/div><div class=\"cz_gap show_on_tablet clr \" style=\"height: 35px\"><\/div><h2 id=\"cz_39543\" data-time=\"3000\" class=\"cz_39543 cz_headline rotate-1\"><span class=\"cz_before_text\">\u0130MA Maritime &amp; Construction<\/span><span class=\"cz_words-wrapper\"><b class=\"is-visible\">Weekdays<\/b><b class=\"is-hidden\"> Weekend<\/b><\/span><span class=\"cz_after_text\">Our Working Hours<\/span><\/h2><div id=\"cz_76272\" class=\"cz_76272 cz_wh cz_wh_line_between\"><div class=\"mb10 last0 clr\"><div class=\"clr\"><span class=\"cz_wh_left\"><i class=\"fa czico-111-clock mr8\"><\/i><b>Weekdays<\/b><span class=\"cz_wh_sub\">Monday - Friday<\/span><\/span><span class=\"cz_wh_right\">07:00 ~ 20:00<\/span><\/div><div class=\"cz_wh_line\"><\/div><\/div><div class=\"mb10 last0 clr\"><div class=\"clr\"><span class=\"cz_wh_left\"><i class=\"fa czico-111-clock mr8\"><\/i><b>Weekend<\/b><span class=\"cz_wh_sub\">Saturday<\/span><\/span><span class=\"cz_wh_right\">10:00 ~ 20:00<\/span><\/div><div class=\"cz_wh_line\"><\/div><\/div><div class=\"mb10 last0 clr\"><div class=\"clr\"><span class=\"cz_wh_left\"><i class=\"fa czico-109-clock-1 mr8\"><\/i><b>Weekend<\/b><span class=\"cz_wh_sub\">Sunday<\/span><\/span><span class=\"cz_wh_right\">Closed<\/span><\/div><div class=\"cz_wh_line\"><\/div><\/div><\/div><div class=\"cz_gap clr  hide_on_tablet hide_on_mobile\" style=\"height: 50px\"><\/div><div class=\"cz_gap show_on_tablet clr \" style=\"height: 25px\"><\/div>[\/vc_column][\/vc_row][vc_row][vc_column]<div class=\"relative\"><div id=\"cz_27220\" class=\"cz_sep2 cz_sep2_2 cz_sep_rotatey_top relative\"><svg preserveAspectRatio=\"none\" xmlns=\"http:\/\/www.w3.org\/2000\/svg\" width=\"100%\"  style=\"height:50px\" viewBox=\"0 0 1600 122\">\n\t\t\t\t\t\t  <path style=\"fill:#d0e2ee\" d=\"M800-77.787L899.787,22,800,121.787,700.213,22Z\"\/>\n\t\t\t\t\t\t  <rect style=\"fill:#6d9ebf\" x=\"-15\" y=\"-60\" width=\"1659\" height=\"102\"\/>\n\t\t\t\t\t\t  <rect style=\"fill:#263245\" x=\"-15\" y=\"-80\" width=\"1659\" height=\"102\"\/>\n\t\t\t\t\t\t  <path style=\"fill:#263245\" d=\"M800-49.276L871.276,22,800,93.276,728.724,22Z\"\/>\n\t\t\t\t\t\t<\/svg><\/div><\/div>[\/vc_column][\/vc_row][vc_row][vc_column]<h2 id=\"cz_22445\" data-time=\"3000\" class=\"cz_22445 cz_headline rotate-1\"><span class=\"cz_before_text\">\u0130MA Maritime &amp; Construction<\/span><span class=\"cz_words-wrapper\"><b class=\"is-visible\">Authorized Information<\/b><b class=\"is-hidden\"> Authorized Contact Information<\/b><\/span><\/h2><div class=\"cz_gap clr \" style=\"height: 50px\"><\/div>[\/vc_column][\/vc_row][vc_row][vc_column width=&#8221;1\/2&#8243;]<div id=\"cz_16325\" class=\"cz_16325 cz_title clr cz_mobile_text_center cz_title_has_icon cz_title_pos_inline\"><div class=\"cz_title_content\"><i class=\"cz_title_icon_before fa czico-095-user-4\"><\/i><div class=\"cz_wpe_content\"><h4><span style=\"font-size: 24px;\">Company Owner<\/span><\/h4>\n<p><span style=\"color: #666666;\">Ali \u0130mran OSANMAZ<\/span><\/p>\n<\/div><\/div><\/div><div id=\"cz_95356\" class=\"cz_95356 cz_title clr cz_mobile_text_center cz_title_has_icon cz_title_pos_inline\"><a href=\"tel:+905469331508\"><div class=\"cz_title_content\"><i class=\"cz_title_icon_before fa fa-volume-control-phone\"><\/i><div class=\"cz_wpe_content\"><h4><span style=\"font-size: 24px;\">Phone<\/span><\/h4>\n<p>+90 546 933 15 08<\/p>\n<\/div><\/div><\/a><\/div>[\/vc_column][vc_column width=&#8221;1\/2&#8243;]<div id=\"cz_35525\" class=\"cz_35525 cz_title clr cz_mobile_text_center cz_title_has_icon cz_title_pos_inline\"><a href=\"mailto:info@imadenizcilikinsaat.com\"><div class=\"cz_title_content\"><i class=\"cz_title_icon_before fa fa-envelope\"><\/i><div class=\"cz_wpe_content\"><h4><span style=\"font-size: 24px;\">Email<\/span><\/h4>\n<p><span style=\"color: #666666;\">info@imadenizcilikinsaat.com<\/span><\/p>\n<\/div><\/div><\/a><\/div><div id=\"cz_32747\" class=\"cz_32747 cz_title clr cz_mobile_text_center cz_title_has_icon cz_title_pos_inline\"><a href=\"mailto:imran@imadenizcilikinsaat.com\"><div class=\"cz_title_content\"><i class=\"cz_title_icon_before fa fa-envelope\"><\/i><div class=\"cz_wpe_content\"><h4><span style=\"font-size: 24px;\">Email<\/span><\/h4>\n<p><span style=\"color: #666666;\">imran@imadenizcilikinsaat.com<\/span><\/p>\n<\/div><\/div><\/a><\/div>[\/vc_column][\/vc_row][vc_row][vc_column]<div class=\"cz_gap clr \" style=\"height: 50px\"><\/div>[\/vc_column][\/vc_row][vc_row content_placement=&#8221;middle&#8221;][vc_column offset=&#8221;vc_col-md-8&#8243;]<div class=\"cz_eqh cz_content_box_parent_fx  \"><div id=\"cz_34433\" class=\"cz_34433 cz_content_box clr\"><div class=\"cz_box_front clr\"><div class=\"cz_box_front_inner clr \"><span><\/span><div><div class=\"cz_gap clr \" style=\"height: 40px\"><\/div><div id=\"cz_23948\" class=\"cz_23948 cz_title clr cz_mobile_text_center cz_title_pos_inline\"><div class=\"cz_title_shape shape_image cz_shape_1\"><img loading=\"lazy\" decoding=\"async\" width=\"180\" height=\"180\" src=\"https:\/\/imadenizcilikinsaat.com\/eng\/wp-content\/uploads\/sites\/2\/2023\/05\/MC-Insaat-Denizcilik-Iletisim-Sayfasi-Banner-Ikon.png\" class=\"attachment-full\" alt=\"\u0130MA-Denizcilik-\u0130n\u015faat-\u0130leti\u015fim-Sayfas\u0131-Banner-\u0130kon\" title=\"MC-Insaat-Denizcilik-\u0130leti\u015fim-Sayfas\u0131-Banner-\u0130kon\" srcset=\"https:\/\/imadenizcilikinsaat.com\/eng\/wp-content\/uploads\/sites\/2\/2023\/05\/MC-Insaat-Denizcilik-Iletisim-Sayfasi-Banner-Ikon.png 180w, https:\/\/imadenizcilikinsaat.com\/eng\/wp-content\/uploads\/sites\/2\/2023\/05\/MC-Insaat-Denizcilik-Iletisim-Sayfasi-Banner-Ikon-150x150.png 150w\" sizes=\"auto, (max-width: 180px) 100vw, 180px\" \/><\/div><div class=\"cz_title_content\"><div class=\"cz_wpe_content\"><h3><span style=\"font-size: 48px; color: #ffffff;\">Contact Us!<\/span><\/h3>\n<\/div><\/div><\/div><div class=\"cz_gap clr \" style=\"height: 40px\"><\/div><div id=\"cz_34970\" class=\"cz_34970 cz_cf7 clr\"><div>\n<div class=\"wpcf7 no-js\" id=\"wpcf7-f8018-o1\" lang=\"en-US\" dir=\"ltr\" data-wpcf7-id=\"8018\">\n<div class=\"screen-reader-response\"><p role=\"status\" aria-live=\"polite\" aria-atomic=\"true\"><\/p> <ul><\/ul><\/div>\n<form action=\"\/eng\/wp-json\/wp\/v2\/pages\/7986#wpcf7-f8018-o1\" method=\"post\" class=\"wpcf7-form init\" aria-label=\"Contact form\" novalidate=\"novalidate\" data-status=\"init\">\n<fieldset class=\"hidden-fields-container\"><input type=\"hidden\" name=\"_wpcf7\" value=\"8018\" \/><input type=\"hidden\" name=\"_wpcf7_version\" value=\"6.1.3\" \/><input type=\"hidden\" name=\"_wpcf7_locale\" value=\"en_US\" \/><input type=\"hidden\" name=\"_wpcf7_unit_tag\" value=\"wpcf7-f8018-o1\" \/><input type=\"hidden\" name=\"_wpcf7_container_post\" value=\"0\" \/><input type=\"hidden\" name=\"_wpcf7_posted_data_hash\" value=\"\" \/>\n<\/fieldset>\n<p><label> Name Surname<br \/>\n<span class=\"wpcf7-form-control-wrap\" data-name=\"your-name\"><input size=\"40\" maxlength=\"400\" class=\"wpcf7-form-control wpcf7-text wpcf7-validates-as-required\" aria-required=\"true\" aria-invalid=\"false\" value=\"\" type=\"text\" name=\"your-name\" \/><\/span> <\/label>\n<\/p>\n<p><label> Phone<br \/>\n<span class=\"wpcf7-form-control-wrap\" data-name=\"your-phone\"><input size=\"40\" maxlength=\"400\" class=\"wpcf7-form-control wpcf7-tel wpcf7-validates-as-required wpcf7-text wpcf7-validates-as-tel\" aria-required=\"true\" aria-invalid=\"false\" value=\"\" type=\"tel\" name=\"your-phone\" \/><\/span> <\/label>\n<\/p>\n<p><label> Select Service<br \/>\n<span class=\"wpcf7-form-control-wrap\" data-name=\"menu-382\"><select class=\"wpcf7-form-control wpcf7-select wpcf7-validates-as-required\" aria-required=\"true\" aria-invalid=\"false\" name=\"menu-382\"><option value=\"\"><\/option><option value=\"Sea Filling Services\">Sea Filling Services<\/option><option value=\"Lake Scanning Services\">Lake Scanning Services<\/option><option value=\"Steel &amp; Wood Construction Services\">Steel &amp; Wood Construction Services<\/option><option value=\"Reinforced Concrete Services\">Reinforced Concrete Services<\/option><option value=\"Coastal &amp; Port Construction Services\">Coastal &amp; Port Construction Services<\/option><option value=\"Building Strengthening &amp; Repair Services\">Building Strengthening &amp; Repair Services<\/option><option value=\"Seabed Dredging and Sea Discharge Services\">Seabed Dredging and Sea Discharge Services<\/option><option value=\"Sunken and Debris Removal Services\">Sunken and Debris Removal Services<\/option><option value=\"Creek Improvement and Rehabilitation Services\">Creek Improvement and Rehabilitation Services<\/option><option value=\"About Other Services\">About Other Services<\/option><\/select><\/span><\/label>\n<\/p>\n<p><label> Your Email Address<br \/>\n<span class=\"wpcf7-form-control-wrap\" data-name=\"email-269\"><input size=\"40\" maxlength=\"400\" class=\"wpcf7-form-control wpcf7-email wpcf7-validates-as-required wpcf7-text wpcf7-validates-as-email\" aria-required=\"true\" aria-invalid=\"false\" value=\"\" type=\"email\" name=\"email-269\" \/><\/span><\/label>\n<\/p>\n<p><label> Your Message<br \/>\n<span class=\"wpcf7-form-control-wrap\" data-name=\"your-message\"><textarea cols=\"40\" rows=\"10\" maxlength=\"2000\" class=\"wpcf7-form-control wpcf7-textarea wpcf7-validates-as-required\" aria-required=\"true\" aria-invalid=\"false\" name=\"your-message\"><\/textarea><\/span> <\/label>\n<\/p>\n<p><input class=\"wpcf7-form-control wpcf7-submit has-spinner\" type=\"submit\" value=\"Send\" \/>\n<\/p><div class=\"wpcf7-response-output\" aria-hidden=\"true\"><\/div>\n<\/form>\n<\/div>\n<\/div><\/div><\/div><\/div><\/div><\/div><\/div>[\/vc_column][vc_column offset=&#8221;vc_col-md-4&#8243;]<div id=\"cz_44054\" class=\"cz_44054 gmap\" data-api-key=\"AIzaSyBtD89e_63nmA6xcZWW4y0s5Ll9HPTCvVQ\"> <\/div><div ><\/div><script>\r\n\r\n\t\tfunction mapfunction_cz_44054() {\r\n\r\n\t\t\tconst codevzPlusWaitForOverlay = setInterval(() => {\r\n\r\n\t\t\t\tif (typeof google.maps.OverlayView !== \"undefined\") {\r\n\r\n\t\t\t\t\tclearInterval(codevzPlusWaitForOverlay);\r\n\r\n\t\t\t\t\tgoogle.maps.Map.prototype.setCenterWithOffset = function(latlng, offsetX, offsetY) {\r\n\t\t\t\t\t    var map = this;\r\n\t\t\t\t\t    var ov = new google.maps.OverlayView();\r\n\t\t\t\t\t    ov.onAdd = function() {\r\n\t\t\t\t\t        var proj = this.getProjection();\r\n\t\t\t\t\t        var aPoint = proj.fromLatLngToContainerPixel(latlng);\r\n\t\t\t\t\t        aPoint.x = aPoint.x+offsetX;\r\n\t\t\t\t\t        aPoint.y = aPoint.y+offsetY;\r\n\t\t\t\t\t        map.setCenter(proj.fromContainerPixelToLatLng(aPoint));\r\n\t\t\t\t\t    }; \r\n\t\t\t\t\t    ov.draw = function() {}; \r\n\t\t\t\t\t    ov.setMap(this); \r\n\t\t\t\t\t};\r\n\r\n\t\t\t\t\tvar windx = jQuery(window), \r\n\r\n\t\t\t\t\t\tlatlng = { lat:40.712784, lng:-74.005941},\r\n\r\n\t\t\t\t\t\tmyOptions = {\r\n\t\t\t\t\t\t\tmapId: \"\",\r\n\t\t\t\t\t\t\tzoom: 14,\r\n\t\t\t\t\t\t\tscrollwheel: false,\r\n\t\t\t\t\t\t\tdisableDefaultUI: false,\r\n\t\t\t\t\t\t\tcenter: latlng,\r\n\t\t\t\t\t\t\tfullscreenControl: false,\r\n\t\t\t\t\t\t\tmapTypeControl: false,\r\n\t\t\t\t\t\t\tkeyboardShortcuts: false\r\n\t\t\t\t\t\t},\r\n\r\n\t\t\t\t\t\tcz_44054 = new google.maps.Map(document.getElementById(\"cz_44054\"), myOptions ),\r\n\r\n\t\t\t\t\t\tsetCenterOffset = function() {\r\n\r\n\t\t\t\t\t\t\tif ( windx.width() < 768 ) {\r\n\t\t\t\t\t\t\t\tcz_44054.setCenterWithOffset( latlng, 0, 0 );\r\n\t\t\t\t\t\t\t} else {\r\n\t\t\t\t\t\t\t\tcz_44054.setCenterWithOffset( latlng, 0, 0 );\r\n\t\t\t\t\t\t\t}\r\n\r\n\t\t\t\t\t\t};\r\n\r\n\t\t\t\t\t\tsetCenterOffset();\r\n\r\n\t\t\t\t\t\twindx.on( \"resize\", function() {\r\n\t\t\t\t\t\t\tsetCenterOffset();\r\n\t\t\t\t\t\t});\r\n\t\t\t\t\tvar styles = [{\"featureType\": \"all\",stylers: [{ hue: \"#4b6376\" },{ saturation: -20}]}];var styledMap = new google.maps.StyledMapType(styles,{name: \"Styled Map\"});cz_44054.mapTypes.set(\"map_style\", styledMap);  cz_44054.setMapTypeId(\"map_style\");class CustomMarker extends google.maps.OverlayView {\r\n\t\t\t\t\t\t    constructor(position, map) {\r\n\t\t\t\t\t\t        super();\r\n\t\t\t\t\t\t        this.position = position;\r\n\t\t\t\t\t\t        this.map = map;\r\n\t\t\t\t\t\t        this.div = null;\r\n\t\t\t\t\t\t        this.setMap(map);\r\n\t\t\t\t\t\t    }\r\n\r\n\t\t\t\t\t\t    onAdd() {\r\n\t\t\t\t\t\t        this.div = document.createElement(\"div\");\r\n\t\t\t\t\t\t        this.div.style.position = \"absolute\";\r\n\t\t\t\t\t\t        this.div.style.cursor = \"pointer\";\r\n\t\t\t\t\t\t        this.div.style.transform = \"translate(-50%, -100%)\";\r\n\t\t\t\t\t\t        this.div.innerHTML = `<div style=\"position:relative; text-align:center;\">\r\n\t\t\t\t\t\t                                <div style=\"position:absolute;top: -10px;left: 50%;transform: translate(-50%, -100%);background: white;color: #202020;padding: 15px 20px;border-radius: 2px;font-size: 15px;white-space: nowrap;box-shadow: 0px 2px 10px rgba(0, 0, 0, 0.2);display: none;font-family: Arial, sans-serif;\" class=\"tooltip\">\r\n\t\t\t\t\t\t                                \tXtra WordPress Office\r\n\t\t\t\t\t\t                                <\/div>\r\n\t\t\t\t\t\t                                <img decoding=\"async\" loading=\"lazy\" src=\"https:\/\/imadenizcilikinsaat.com\/eng\/wp-content\/uploads\/sites\/2\/2019\/09\/pin.png\" style=\"display:block;\" \/>\r\n\t\t\t\t\t\t                              <\/div>`;\r\n\r\n\t\t\t\t\t\t        this.getPanes().overlayMouseTarget.appendChild(this.div);\r\n\t\t\t\t\t\t        this.tooltip = this.div.querySelector(\".tooltip\");\r\n\r\n\t\t\t\t\t\t        \/\/ Show title on click\r\n\t\t\t\t\t\t        this.div.addEventListener(\"click\", (event) => {\r\n\t\t\t\t\t\t            event.stopPropagation();\r\n\t\t\t\t\t\t            this.tooltip.style.display = this.tooltip.style.display === \"block\" ? \"none\" : \"block\";\r\n\t\t\t\t\t\t        });\r\n\r\n\t\t\t\t\t\t        \/\/ Hide title when clicking outside\r\n\t\t\t\t\t\t        google.maps.event.addListener(this.map, \"click\", () => {\r\n\t\t\t\t\t\t            this.tooltip.style.display = \"none\";\r\n\t\t\t\t\t\t        });\r\n\t\t\t\t\t\t    }\r\n\r\n\t\t\t\t\t\t    draw() {\r\n\t\t\t\t\t\t        const overlayProjection = this.getProjection();\r\n\t\t\t\t\t\t        const position = overlayProjection.fromLatLngToDivPixel(this.position);\r\n\r\n\t\t\t\t\t\t        if (position && this.div) {\r\n\t\t\t\t\t\t            this.div.style.left = `${position.x}px`;\r\n\t\t\t\t\t\t            this.div.style.top = `${position.y}px`;\r\n\t\t\t\t\t\t        }\r\n\t\t\t\t\t\t    }\r\n\r\n\t\t\t\t\t\t    onRemove() {\r\n\t\t\t\t\t\t        if (this.div) {\r\n\t\t\t\t\t\t            this.div.parentNode.removeChild(this.div);\r\n\t\t\t\t\t\t            this.div = null;\r\n\t\t\t\t\t\t        }\r\n\t\t\t\t\t\t    }\r\n\t\t\t\t\t\t}\r\n\r\n\t\t\t\t\t\t\/\/ Add a custom marker at a specific location\r\n\t\t\t\t\t\tnew CustomMarker(new google.maps.LatLng(40.712784, -74.005941), cz_44054);}}, 250 );}<\/script>[\/vc_column][\/vc_row][vc_row][vc_column]<div class=\"cz_gap clr \" style=\"height: 75px\"><\/div><h2 id=\"cz_98799\" data-time=\"3000\" class=\"cz_98799 cz_headline rotate-1\"><span class=\"cz_before_text\">Contact Us<\/span><span class=\"cz_words-wrapper\"><b class=\"is-visible\">By Appointment<\/b><b class=\"is-hidden\"> With Phone<\/b><b class=\"is-hidden\"> With Email<\/b><\/span><span class=\"cz_after_text\">You Can Pass!<\/span><\/h2>[\/vc_column][vc_column offset=&#8221;vc_hidden-sm vc_hidden-xs&#8221;]<div id=\"cz_25572\" class=\"cz_25572 cz_2_btn cz_2_btn_center\"><a class=\"cz_btn btn1\"  href=\"#\"><strong>Contact Now<\/strong><\/a><div class=\"cz_2_btn_sep style1\"><i class=\"fa czico-049-music\"><\/i><\/div><a class=\"cz_btn btn2\"  href=\"https:\/\/imadenizcilikinsaat.com\/eng\/appointment-page\/\" title=\"Appointment Page\" aria-label=\"Appointment Page\"><strong>Create Your Appointment<\/strong><\/a><\/div><div class=\"clr\"><\/div><div class=\"cz_gap clr \" style=\"height: 50px\"><\/div>[\/vc_column][vc_column offset=&#8221;vc_hidden-lg vc_hidden-md&#8221;]<div class=\"cz_gap clr \" style=\"height: 10px\"><\/div><div class=\"cz_btn_center\"><div class=\"cz_23863_p\"><a id=\"cz_23863\" class=\"cz_23863 cz_btn cz_btn_subtitle cz_btn_txt_no_fx cz_btn_zoom_out\" href=\"https:\/\/imadenizcilikinsaat.com\/eng\/appointment-page\/\" title=\"Appointment Page\" aria-label=\"Appointment Page\"><span><i class=\"fas fa-calendar-times\"><\/i><strong>Create Your Appointment<small>Make Your Appointment Now<\/small><\/strong><\/span><b class=\"cz_btn_onhover\"><i class=\"fas fa-calendar-times\"><\/i><strong>Create Your Appointment<small>Make Your Appointment Now<\/small><\/strong><\/b><\/a><\/div><\/div><div class=\"cz_gap clr \" style=\"height: 50px\"><\/div>[\/vc_column][\/vc_row]<\/p>\n<\/div>","protected":false},"excerpt":{"rendered":"<p>[vc_row][vc_column][\/vc_column][\/vc_row][vc_row][vc_column offset=&#8221;vc_col-md-4&#8243;][\/vc_column][vc_column offset=&#8221;vc_col-md-4&#8243;][\/vc_column][vc_column offset=&#8221;vc_col-md-4&#8243;][\/vc_column][\/vc_row][vc_row][vc_column][\/vc_column][\/vc_row][vc_row][vc_column][\/vc_column][\/vc_row][vc_row][vc_column][\/vc_column][\/vc_row][vc_row][vc_column width=&#8221;1\/2&#8243;][\/vc_column][vc_column width=&#8221;1\/2&#8243;][\/vc_column][\/vc_row][vc_row][vc_column][\/vc_column][\/vc_row][vc_row content_placement=&#8221;middle&#8221;][vc_column offset=&#8221;vc_col-md-8&#8243;][\/vc_column][vc_column offset=&#8221;vc_col-md-4&#8243;][\/vc_column][\/vc_row][vc_row][vc_column][\/vc_column][vc_column offset=&#8221;vc_hidden-sm vc_hidden-xs&#8221;][\/vc_column][vc_column &#8230; <\/p>\n","protected":false},"author":1,"featured_media":0,"parent":0,"menu_order":0,"comment_status":"closed","ping_status":"closed","template":"","meta":{"footnotes":""},"class_list":["post-7986","page","type-page","status-publish","hentry"],"_links":{"self":[{"href":"https:\/\/imadenizcilikinsaat.com\/eng\/wp-json\/wp\/v2\/pages\/7986","targetHints":{"allow":["GET"]}}],"collection":[{"href":"https:\/\/imadenizcilikinsaat.com\/eng\/wp-json\/wp\/v2\/pages"}],"about":[{"href":"https:\/\/imadenizcilikinsaat.com\/eng\/wp-json\/wp\/v2\/types\/page"}],"author":[{"embeddable":true,"href":"https:\/\/imadenizcilikinsaat.com\/eng\/wp-json\/wp\/v2\/users\/1"}],"replies":[{"embeddable":true,"href":"https:\/\/imadenizcilikinsaat.com\/eng\/wp-json\/wp\/v2\/comments?post=7986"}],"version-history":[{"count":8,"href":"https:\/\/imadenizcilikinsaat.com\/eng\/wp-json\/wp\/v2\/pages\/7986\/revisions"}],"predecessor-version":[{"id":8064,"href":"https:\/\/imadenizcilikinsaat.com\/eng\/wp-json\/wp\/v2\/pages\/7986\/revisions\/8064"}],"wp:attachment":[{"href":"https:\/\/imadenizcilikinsaat.com\/eng\/wp-json\/wp\/v2\/media?parent=7986"}],"curies":[{"name":"wp","href":"https:\/\/api.w.org\/{rel}","templated":true}]}}